2?
949b
In base 5, what is 10 - 340240342?
-340240332
In base 3, what is 2000221022100021 + -110?
2000221022022211
In base 16, what is -2 + -293c4e?
-293c50
In base 15, what is 2c833999 + -3?
2c833996
In base 8, what is 337343 - -554?
340117
In base 10, what is 1 - 36976224?
-36976223
In base 11, what is -1046151 - -106?
-1046046
In base 2, what is 11110110 + -1010001011110010?
-1010000111111100
In base 6, what is -105553421 + 4?
-105553413
In base 9, what is -124600161 + 1?
-124600160
In base 16, what is a17494 - 5?
a1748f
In base 16, what is 2 - 49fe1b?
-49fe19
In base 3, what is -12002211010100 - 12?
-12002211010112
In base 7, what is -4 + -334201303?
-334201310
In base 5, what is 3204340 - -1040?
3210430
In base 7, what is -6 + 50332604?
50332565
In base 7, what is -245326242 - -24?
-245326215
In base 2, what is -1100111 + 10111100111001011111?
10111100110111111000
In base 10, what is 103360382 + 1?
103360383
In base 2, what is 11111001000111001 - 1111?
11111001000101010
In base 5, what is -2312014 - -10044?
-2301420
In base 8, what is -252515 - -121?
-252374
In base 6, what is -412402 - 5423?
-422225
In base 16, what is -68d + 26639?
25fac
In base 9, what is -67543742 - 1?
-67543743
In base 9, what is 0 - 1163276?
-1163276
In base 16, what is -35 - -1221b?
121e6
In base 12, what is -2484 + -2111?
-4595
In base 5, what is -13403114 + -4?
-13403123
In base 14, what is -110 + -7c61a?
-7c72a
In base 6, what is -31212 - 12115?
-43331
In base 5, what is 2 - 121300341122?
-121300341120
In base 11, what is -37 + -3212674?
-3212700
In base 9, what is 83 + -5703307?
-5703214
In base 8, what is -71523 - -2414?
-67107
In base 7, what is 0 - -26105560?
26105560
In base 7, what is -460 - -3223511?
3223021
In base 15, what is 5178 - 2dca?
229d
In base 4, what is -133103 - -2121022?
1321313
In base 11, what is -1503230 - -16?
-1503215
In base 3, what is 2110 - -12020200102200?
12020200112010
In base 12, what is -8 + -10166abb?
-10166b07
In base 8, what is 66720 - -105?
67025
In base 15, what is ed1 - 12bd?
-2dc
In base 4, what is -1213332020 - 1211?
-1213333231
In base 8, what is 7 + 102370574?
102370603
In base 11, what is -46 - 135183?
-135219
In base 6, what is -53453 - -103125?
5232
In base 11, what is 3 + 384725a?
3847262
In base 13, what is 28 + -69c92?
-69c67
In base 6, what is -21355543 - -5?
-21355534
In base 5, what is 4 - -1110240212?
1110240221
In base 3, what is -22 + 100022120002002220?
100022120002002121
In base 16, what is -5 - -683a9?
683a4
In base 5, what is -104204140 + 10102?
-104144033
In base 15, what is -a - 9ac50?
-9ac5a
In base 4, what is -31310301200 - -213?
-31310300321
In base 6, what is -2314512353 + 2?
-2314512351
In base 2, what is -1011010010111 - 11111010111100?
-101010101010011
In base 8, what is 14 + -7575116?
-7575102
In base 11, what is -485816 + 0?
-485816
In base 8, what is -275 - 7220033?
-7220330
In base 16, what is 1ecb + -30b?
1bc0
In base 4, what is -12 - -13100222?
13100210
In base 3, what is -10 + -11112102002001?
-11112102002011
In base 9, what is -35440311 - 4?
-35440315
In base 4, what is 1201310 + -3132?
1132112
In base 8, what is -21453 - 27160?
-50633
In base 3, what is 2022122101 - 110022?
2022012002
In base 4, what is -202210 - 2001120?
-2203330
In base 5, what is 1002302 - 12040?
440212
In base 15, what is -13797 - 116?
-138ad
In base 9, what is 5120 + -8347?
-3227
In base 13, what is a6 - -177b4?
1788a
In base 3, what is 2221111202122 - 2012?
2221111200110
In base 7, what is 1333 - -6031?
10364
In base 4, what is -11 - 21313223300?
-21313223311
In base 14, what is 8b + -cbda5?
-cbd18
In base 13, what is 2114 + -384?
1a60
In base 14, what is -315dca1 - -1?
-315dca0
In base 11, what is -391463 - 1?
-391464
In base 15, what is -1213 - -2dc?
-e26
In base 6, what is 252432043 + -4?
252432035
In base 12, what is -237786b - -7a?
-23777b1
In base 4, what is -23301111 + 3301?
-23231210
In base 14, what is 19 - -da7d5?
da810
In base 13, what is -a33c8 - -289?
-a313c
In base 8, what is -1 + -4560405?
-4560406
In base 12, what is 42b14a + 0?
42b14a
In base 9, what is 15343146 + -40?
15343106
In base 4, what is 12 + 11200301312?
11200301330
In base 13, what is 51 - 8b78a?
-8b739
In base 15, what is 2 + -4973699?
-4973697
In base 5, what is -12323300313 + -4?
-12323300322
In base 11, what is -19659125 - -3?
-19659122
In base 11, what is -76 - 264410?
-264486
In base 13, what is 133 - -361731?
361864
In base 14, what is 24 + d34801?
d34825
In base 6, what is 3 + 1441554023?
1441554030
In base 9, what is 8424 - 1500?
6824
In base 5, what is -1122022300 - 3?
-1122022303
In base 15, what is -25 + -e788?
-e7ad
In base 11, what is 13 - -687844?
687857
In base 16, what is 4 - 10383e75?
-10383e71
In base 3, what is -10 - -100101122202110?
100101122202100
In base 7, what is -66403 - 4542?
-104245
In base 2, what is 110010101100111000 + -1111100?
110010101010111100
In base 15, what is a - -64539b?
6453a6
In base 8, what is 36016231 + -4?
36016225
In base 2, what is 100001 - 111001001010011101?
-111001001001111100
In base 15, what is 329c - 10deb?
-cb4e
In base 12, what is 71636 + 0?
71636
In base 9, what is -13 - -1514251?
1514237
In base 2, what is 10011101001000000001010000 + 11?
10011101001000000001010011
In base 9, what is 661581 - -746?
662437
In base 3, what is -10220121102121 + -1001?
-10220121110122
In base 7, what is 21220036 - -11?
21220050
In base 9, what is 17123 - 50113?
-31880
In base 10, what is 1 + -63161315?
-63161314
In base 5, what is -204100 - -4412203?
4203103
In base 3, what is 1101011201020 + -2?
1101011201011
In base 3, what is -2021022 - 10002201011?
-10011222110
In base 12, what is -3619 - -bb2?
-2627
In base 13, what is 43336 + 22?
43358
In base 7, what is -131443642 + 2?
-131443640
In base 12, what is -a064 - -1ab?
-9a75
In base 16, what is 15f656 + b6?
15f70c
In base 15, what is 5 - -103b16?
103b1b
In base 5, what is -200424 - 101?
-201030
In base 3, what is -12002021 - 10020202?
-22100000
In base 15, what is -a80858 + 1?
-a80857
In base 12, what is -48 + -7b87?
-8013
In base 3, what is -11 - -2201112121202?
2201112121121
In base 6, what is -15 - -310023023?
310023004
In base 15, what is -2 + -22010d?
-220110
In base 6, what is 105 - 34114524?
-34114415
In base 7, what is 4 - -350103524?
350103531
In base 4, what is 3300322 - 202013?
3032303
In base 15, what is -eb28c46 - 2?
-eb28c48
In base 4, what is -132230312 + 20?
-132230232
In base 11, what is -4 + 585101?
5850a8
In base 3, what is 102211 + 2002222102?
2010102020
In base 3, what is 222221212 - -10110210?
1010102122
In base 10, what is -9 + -127518?
-127527
In base 6, what is -1452311130 - 33?
-1452311203
In base 16, what is 1488e4b8 - 1?
1488e4b7
In base 11, what is 0 - -53873a?
53873a
In base 16, what is -3 + -5fc886?
-5fc889
In base 14, what is -a2a71d5 + -2?
-a2a71d7
In base 6, what is 11555505224 + 3?
11555505231
In base 16, what is -5 + 55b3bb?
55b3b6
In base 16, what is 1341 + -1ff9?
-cb8
In base 6, what is 4454104124 - -43?
4454104211
In base 9, what is -141154 - 1352?
-142516
In base 12, what is -60 + 525388?
525328
In base 8, what is -7 + -53331325?
-53331334
In base 13, what is 15b1 + -b54?
75a
In base 8, what is -15 - 3044171?
-3044206
In base 12, what is -21944a - 8?
-219456
In base 11, what is -159 + 4045706?
4045558
In base 12, what is -3 + -46932a?
-469331
In base 14, what is -235c8514 + -2?
-235c8516
In base 2, what is -1001010111110101101101111010 - -1?
-1001010111110101101101111001
In base 14, what is -2b4db09 + -11?
-2b4db1a
In base 10, what is -27390 + 40?
-27350
In base 2, what is 11 + 110010011101111010111100010?
110010011101111010111100101
In base 5, what is -200214200422 + 4?
-200214200413
In base 15, what is -16dc97 - 7a?
-16dd22
In base 9, what is -136438180 + 0?
-136438180
In base 13, what is 0 + 4b39a48?
4b39a48
In base 3, what is -1010202022221 + 12222?
-1010202002222
In base 11, what is 57018945 + 1?
57018946
In base 7, what is 53564 - 4332?
46232
In base 12, what is -17688b6 + 3?
-17688b3
In base 5, what is 14323410 + -2?
14323403
In base 5, what is 2102310 + -3111?
2044144
In base 3, what is -212111102012200 + 102?
-212111102012021
In base 5, what is -334 - 22243333?
-22244222
In base 16, what is -1332